, 16581113
What are the prime factors of 8790724580?
2, 5, 11, 39957839
What are the prime factors of 75523105?
5, 7, 29, 37, 2011
List the prime factors of 5559518586.
2, 3, 283, 3274157
List the prime factors of 73779637.
73779637
List the prime factors of 553713152.
2, 839, 1289
What are the prime factors of 823143022?
2, 13, 89, 355723
What are the prime factors of 292171082?
2, 7, 47, 444029
List the prime factors of 950447336.
2, 19, 6252943
What are the prime factors of 24711815?
5, 769, 6427
List the prime factors of 1845642939.
3, 7, 31, 2835089
What are the prime factors of 15707477?
15707477
What are the prime factors of 65264361?
3, 2161, 10067
What are the prime factors of 824904385?
5, 499, 330623
List the prime factors of 122894684.
2, 11, 409, 6829
List the prime factors of 1806347981.
1806347981
What are the prime factors of 2676652962?
2, 3, 29, 15383063
What are the prime factors of 414912671?
19, 21837509
List the prime factors of 1719146848.
2, 53723339
What are the prime factors of 928630230?
2, 3, 5, 11, 47, 5443
List the prime factors of 29272359.
3, 9757453
List the prime factors of 63418557.
3, 47, 83, 5419
List the prime factors of 1441082874.
2, 3, 7, 11, 521, 5987
What are the prime factors of 106150423?
347, 509, 601
List the prime factors of 1343763913.
31, 43347223
What are the prime factors of 12076823?
11, 1097893
What are the prime factors of 449868151?
13627, 33013
What are the prime factors of 85032918?
2, 3, 4724051
List the prime factors of 289467422.
2, 1201, 120511
What are the prime factors of 509409154?
2, 821, 310237
What are the prime factors of 61656446?
2, 30828223
List the prime factors of 1970576401.
1637, 1203773
List the prime factors of 2577205333.
103, 25021411
What are the prime factors of 1394128191?
3, 167, 2782691
What are the prime factors of 318735657?
3, 2069, 17117
List the prime factors of 1866412296.
2, 3, 7, 3703199
What are the prime factors of 45443312?
2, 17, 167071
What are the prime factors of 5244841100?
2, 5, 853, 61487
List the prime factors of 1029155550.
2, 3, 5, 43, 379, 421
List the prime factors of 20480630.
2, 5, 2048063
List the prime factors of 1109008045.
5, 1049, 211441
List the prime factors of 3523553794.
2, 1761776897
What are the prime factors of 606433570?
2, 5, 251, 359, 673
List the prime factors of 570121030.
2, 5, 19, 3000637
List the prime factors of 14470928.
2, 67, 13499
List the prime factors of 84571792.
2, 71, 109, 683
List the prime factors of 2949752151.
3, 327750239
List the prime factors of 113682956.
2, 28420739
What are the prime factors of 386015583?
3, 17, 59, 128287
What are the prime factors of 164912763?
3, 29, 1117, 1697
What are the prime factors of 331254396?
2, 3, 11, 836501
What are the prime factors of 78099963?
3, 401, 64921
List the prime factors of 970050772.
2, 1097, 221069
What are the prime factors of 11208493?
53, 73, 2897
List the prime factors of 10357000.
2, 5, 10357
What are the prime factors of 48032058?
2, 3, 8005343
List the prime factors of 18968998.
2, 907, 10457
What are the prime factors of 455838440?
2, 5, 11395961
What are the prime factors of 726869780?
2, 5, 7, 13, 399379
What are the prime factors of 2672960715?
3, 5, 431, 15313
What are the prime factors of 98848924?
2, 24712231
What are the prime factors of 161306529?
3, 2753, 19531
What are the prime factors of 161950000?
2, 5, 41, 79
What are the prime factors of 691971718?
2, 345985859
What are the prime factors of 107207006?
2, 19, 197, 14321
What are the prime factors of 268270044?
2, 3, 7, 19, 168089
What are the prime factors of 11391414?
2, 3, 1898569
List the prime factors of 112156117.
112156117
List the prime factors of 129449503.
61, 2122123
What are the prime factors of 9145139?
9145139
List the prime factors of 108941683.
7919, 13757
What are the prime factors of 4282301165?
5, 2423, 353471
List the prime factors of 492267979.
7, 19, 3701263
What are the prime factors of 59745067?
1627, 36721
List the prime factors of 516219277.
7, 73745611
List the prime factors of 116942330.
2, 5, 11694233
What are the prime factors of 141585503?
17, 107, 277, 281
List the prime factors of 1705953.
3, 19, 173
What are the prime factors of 48943669?
149, 328481
What are the prime factors of 4443009268?
2, 23, 5653, 8543
What are the prime factors of 1239884676?
2, 3, 29, 1187629
What are the prime factors of 236426324?
2, 59106581
List the prime factors of 101193070.
2, 5, 11, 919937
List the prime factors of 73924221.
3, 7, 3520201
List the prime factors of 71779350.
2, 3, 5, 29, 569
List the prime factors of 31414077.
3, 41, 85133
List the prime factors of 91474636.
2, 11, 359, 5791
List the prime factors of 364391233.
364391233
List the prime factors of 2206707593.
17, 129806329
List the prime factors of 277369598.
2, 11, 1289, 9781
What are the prime factors of 30926050?
2, 5, 618521
List the prime factors of 254267284.
2, 63566821
What are the prime factors of 99728877?
3, 47, 73, 9689
List the prime factors of 4297586120.
2, 5, 157, 684329
What are the prime factors of 840613658?
2, 229, 1835401
What are the prime factors of 554698746?
2, 3, 7, 17, 37, 2333
List the prime factors of 59445490.
2, 5, 13, 19, 41, 587
What are the prime factors of 434161176?
2, 3, 59, 379, 809
List the prime factors of 135916587.
3, 15101843
What are the prime factors of 643812970?
2, 5, 64381297
List the prime factors of 337393991.
11, 30672181
What are the prime factors of 95982567?
3, 97, 193, 1709
List the prime factors of 114977947.
7, 307, 53503
What are the prime factors of 5031933990?
2, 3, 5, 7489, 22397
What are the prime factors of 72386804?
2, 7, 2585243
What are the prime factors of 1711019481?
3, 570339827
What are the prime factors of 866088489?
3, 7, 37, 1114657
List the prime factors of 1027242690.
2, 3, 5, 103, 332441
List the prime factors of 875810598.
2, 3, 13, 1279, 8779
List the prime factors of 1731313471.
5881, 294391
What are the prime factors of 153102086?
2, 487, 157189
List the prime factors of 2131558350.
2, 3, 5, 23, 617843
What are the prime factors of 1478433791?
1777, 831983
List the prime factors of 260362513.
907, 287059
List the prime factors of 1496841919.
37, 40455187
What are the prime factors of 2496821143?
23, 127, 197, 4339
What are the prime factors of 3751573073?
17, 11299, 19531
List the prime factors of 262494619.
262494619
What are the prime factors of 15288483?
3, 7, 19, 38317
What are the prime factors of 1676553476?
2, 13, 32241413
What are the prime factors of 44914970?
2, 5, 31, 144887
What are the prime factors of 57076705?
5, 7, 1630763
List the prime factors of 244835678.
2, 122417839
What are the prime factors of 141114705?
3, 5, 17, 499, 1109
List the prime factors of 3476862007.
3476862007
What are the prime factors of 76065541?
89, 109, 7841
What are the prime factors of 606471065?
5, 121294213
List the prime factors of 507101576.
2, 37, 1713181
What are the prime factors of 229310493?
3, 76436831
What are the prime factors of 33005077?
7, 673573
List the prime factors of 198653482.
2, 99326741
What are the prime factors of 19732029?
3, 41, 160423
What are the prime factors of 906106120?
2, 5, 17, 1332509
What are the prime factors of 3520409086?
2, 73, 3299, 7309
What are the prime factors of 280839662?
2, 140419831
What are the prime factors of 141343990?
2, 5, 14134399
List the prime factors of 136474898.
2, 7, 198943
What are the prime factors of 2332446295?
5, 229, 2037071
What are the prime factors of 3389209104?
2, 3, 47, 1502309
What are the prime factors of 295138404?
2, 3, 11, 82811
List the prime factors of 7886109723.
3, 2628703241
List the prime factors of 594919816.
2, 127, 585551
What are the prime factors of 84737940?
2, 3, 5, 7, 201757
What are the prime factors of 48201941?
48201941
List the prime factors of 1763136288.
2, 3, 113, 18059
What are the prime factors of 259714716?
2, 3, 21642893
What are the prime factors of 145306430?
2, 5, 139, 104537
List the prime factors of 4431689.
1549, 2861
List the prime factors of 22203448.
2, 2775431
What are the prime factors of 27316789?
27316789
What are the prime factors of 5046361?
23, 219407
List the prime factors of 87280760.
2, 5, 7, 44531
List